{"id":20,"date":"2021-08-24T21:31:32","date_gmt":"2021-08-24T19:31:32","guid":{"rendered":"http:\/\/streetjam.paris\/?page_id=20"},"modified":"2026-04-13T13:36:03","modified_gmt":"2026-04-13T11:36:03","slug":"le-nouveau-e-mucem-ouvre-ses-portes-2","status":"publish","type":"page","link":"https:\/\/streetjam.paris\/","title":{"rendered":"StreetJam.Paris"},"content":{"rendered":"\n<figure class=\"wp-block-image size-large\"><a href=\"https:\/\/youtu.be\/FGrlpFmyTY4\"><img decoding=\"async\" loading=\"lazy\" width=\"1024\" height=\"1024\" src=\"https:\/\/streetjam.paris\/wp-content\/uploads\/2026\/04\/france-info-1024x1024.jpg\" alt=\"Street Jam Paris en direct sur France info pour le marathon de Paris le 12 avril 2026.\" class=\"wp-image-562\" srcset=\"https:\/\/streetjam.paris\/wp-content\/uploads\/2026\/04\/france-info-1024x1024.jpg 1024w, https:\/\/streetjam.paris\/wp-content\/uploads\/2026\/04\/france-info-300x300.jpg 300w, https:\/\/streetjam.paris\/wp-content\/uploads\/2026\/04\/france-info-150x150.jpg 150w, https:\/\/streetjam.paris\/wp-content\/uploads\/2026\/04\/france-info-768x768.jpg 768w, https:\/\/streetjam.paris\/wp-content\/uploads\/2026\/04\/france-info-900x900.jpg 900w, https:\/\/streetjam.paris\/wp-content\/uploads\/2026\/04\/france-info-600x600.jpg 600w, https:\/\/streetjam.paris\/wp-content\/uploads\/2026\/04\/france-info-400x400.jpg 400w, https:\/\/streetjam.paris\/wp-content\/uploads\/2026\/04\/france-info.jpg 1098w\" sizes=\"(max-width: 1024px) 100vw, 1024px\" \/><\/a><\/figure>\n\n\n<div class=\"wp-block-image\">\n<figure class=\"aligncenter size-large\"><img decoding=\"async\" loading=\"lazy\" width=\"723\" height=\"1024\" src=\"https:\/\/streetjam.paris\/wp-content\/uploads\/2026\/04\/SJ120426-723x1024.jpeg\" alt=\"\" class=\"wp-image-552\" srcset=\"https:\/\/streetjam.paris\/wp-content\/uploads\/2026\/04\/SJ120426-723x1024.jpeg 723w, https:\/\/streetjam.paris\/wp-content\/uploads\/2026\/04\/SJ120426-212x300.jpeg 212w, https:\/\/streetjam.paris\/wp-content\/uploads\/2026\/04\/SJ120426-768x1087.jpeg 768w, https:\/\/streetjam.paris\/wp-content\/uploads\/2026\/04\/SJ120426-1085x1536.jpeg 1085w, https:\/\/streetjam.paris\/wp-content\/uploads\/2026\/04\/SJ120426-900x1274.jpeg 900w, https:\/\/streetjam.paris\/wp-content\/uploads\/2026\/04\/SJ120426-600x850.jpeg 600w, https:\/\/streetjam.paris\/wp-content\/uploads\/2026\/04\/SJ120426-400x566.jpeg 400w, https:\/\/streetjam.paris\/wp-content\/uploads\/2026\/04\/SJ120426.jpeg 1130w\" sizes=\"(max-width: 723px) 100vw, 723px\" \/><\/figure><\/div>\n\n\n<figure class=\"wp-block-image size-large\"><a href=\"https:\/\/youtu.be\/o84Y7ju2xU8?si=zAIUVmWjJ5UMTfFo\"><img decoding=\"async\" loading=\"lazy\" width=\"1024\" height=\"1016\" src=\"https:\/\/streetjam.paris\/wp-content\/uploads\/2025\/07\/fete-musique-1024x1016.png\" alt=\"\" class=\"wp-image-533\" srcset=\"https:\/\/streetjam.paris\/wp-content\/uploads\/2025\/07\/fete-musique-1024x1016.png 1024w, https:\/\/streetjam.paris\/wp-content\/uploads\/2025\/07\/fete-musique-300x298.png 300w, https:\/\/streetjam.paris\/wp-content\/uploads\/2025\/07\/fete-musique-150x150.png 150w, https:\/\/streetjam.paris\/wp-content\/uploads\/2025\/07\/fete-musique-768x762.png 768w, https:\/\/streetjam.paris\/wp-content\/uploads\/2025\/07\/fete-musique-900x893.png 900w, https:\/\/streetjam.paris\/wp-content\/uploads\/2025\/07\/fete-musique-600x595.png 600w, https:\/\/streetjam.paris\/wp-content\/uploads\/2025\/07\/fete-musique-400x397.png 400w, https:\/\/streetjam.paris\/wp-content\/uploads\/2025\/07\/fete-musique.png 1282w\" sizes=\"(max-width: 1024px) 100vw, 1024px\" \/><\/a><\/figure>\n\n\n\n<figure class=\"wp-block-image size-large\"><a href=\"https:\/\/youtu.be\/RKpJ1uUyi8k?si=EcpzYNtl8wkQ12qE\"><img decoding=\"async\" loading=\"lazy\" width=\"1024\" height=\"1024\" src=\"https:\/\/streetjam.paris\/wp-content\/uploads\/2025\/02\/Video_web-1024x1024.jpg\" alt=\"\" class=\"wp-image-504\" srcset=\"https:\/\/streetjam.paris\/wp-content\/uploads\/2025\/02\/Video_web-1024x1024.jpg 1024w, https:\/\/streetjam.paris\/wp-content\/uploads\/2025\/02\/Video_web-300x300.jpg 300w, https:\/\/streetjam.paris\/wp-content\/uploads\/2025\/02\/Video_web-150x150.jpg 150w, https:\/\/streetjam.paris\/wp-content\/uploads\/2025\/02\/Video_web-768x768.jpg 768w, https:\/\/streetjam.paris\/wp-content\/uploads\/2025\/02\/Video_web-900x900.jpg 900w, https:\/\/streetjam.paris\/wp-content\/uploads\/2025\/02\/Video_web-600x600.jpg 600w, https:\/\/streetjam.paris\/wp-content\/uploads\/2025\/02\/Video_web-400x400.jpg 400w, https:\/\/streetjam.paris\/wp-content\/uploads\/2025\/02\/Video_web.jpg 1227w\" sizes=\"(max-width: 1024px) 100vw, 1024px\" \/><\/a><\/figure>\n\n\n\n<figure class=\"wp-block-image size-large\"><a href=\"https:\/\/youtu.be\/YCRzQvYdAcU?si=60CqoAo_qnLrJvdu\"><img decoding=\"async\" loading=\"lazy\" width=\"1024\" height=\"575\" src=\"https:\/\/streetjam.paris\/wp-content\/uploads\/2024\/08\/screen_marathon_WP-1024x575.png\" alt=\"\" class=\"wp-image-475\" srcset=\"https:\/\/streetjam.paris\/wp-content\/uploads\/2024\/08\/screen_marathon_WP-1024x575.png 1024w, https:\/\/streetjam.paris\/wp-content\/uploads\/2024\/08\/screen_marathon_WP-300x168.png 300w, https:\/\/streetjam.paris\/wp-content\/uploads\/2024\/08\/screen_marathon_WP-768x431.png 768w, https:\/\/streetjam.paris\/wp-content\/uploads\/2024\/08\/screen_marathon_WP-1536x862.png 1536w, https:\/\/streetjam.paris\/wp-content\/uploads\/2024\/08\/screen_marathon_WP-2048x1149.png 2048w, https:\/\/streetjam.paris\/wp-content\/uploads\/2024\/08\/screen_marathon_WP-900x505.png 900w, https:\/\/streetjam.paris\/wp-content\/uploads\/2024\/08\/screen_marathon_WP-600x337.png 600w, https:\/\/streetjam.paris\/wp-content\/uploads\/2024\/08\/screen_marathon_WP-400x224.png 400w\" sizes=\"(max-width: 1024px) 100vw, 1024px\" \/><\/a><\/figure>\n\n\n\n<figure class=\"wp-block-embed is-type-video is-provider-youtube wp-block-embed-youtube wp-embed-aspect-16-9 wp-has-aspect-ratio\"><div class=\"wp-block-embed__wrapper\">\n<iframe loading=\"lazy\" title=\"Street Jam #76 - F\u00eate de la musique \u00e0 l&#039;Eurydice\" width=\"940\" height=\"529\" src=\"https:\/\/www.youtube.com\/embed\/QHPH_V2kB6g?feature=oembed\" frameborder=\"0\" allow=\"accelerometer; autoplay; clipboard-write; encrypted-media; gyroscope; picture-in-picture; web-share\" referrerpolicy=\"strict-origin-when-cross-origin\" allowfullscreen><\/iframe>\n<\/div><\/figure>\n\n\n\n<div class=\"wp-block-group alignwide is-layout-flow\"><div class=\"wp-block-group__inner-container\">\n<h5 class=\"wp-block-heading has-text-align-left has-large-font-size\">Et si vous veniez jouer avec nous ?<\/h5>\n\n\n\n<h2 class=\"wp-block-heading\"><strong>Suivez-nous sur <a href=\"https:\/\/www.facebook.com\/Streetjam.paris\">facebook<\/a> et instagram : <a href=\"https:\/\/www.instagram.com\/streetjam.paris\/\">@streetjam.paris<\/a><\/strong><\/h2>\n\n\n\n<figure class=\"wp-block-embed aligncenter is-type-video is-provider-youtube wp-block-embed-youtube wp-embed-aspect-16-9 wp-has-aspect-ratio\"><div class=\"wp-block-embed__wrapper\">\n<iframe loading=\"lazy\" title=\"D\u00e9couvrez Street Jam Paris, la sc\u00e8ne ouverte musicale sur les quais de la Seine, 2 fois par semaine.\" width=\"940\" height=\"529\" src=\"https:\/\/www.youtube.com\/embed\/YxlkNgW5vqM?feature=oembed\" frameborder=\"0\" allow=\"accelerometer; autoplay; clipboard-write; encrypted-media; gyroscope; picture-in-picture; web-share\" referrerpolicy=\"strict-origin-when-cross-origin\" allowfullscreen><\/iframe>\n<\/div><\/figure>\n<\/div><\/div>\n\n\n<div class=\"wp-block-image\">\n<figure class=\"aligncenter size-large\"><img decoding=\"async\" loading=\"lazy\" width=\"1024\" height=\"681\" src=\"http:\/\/streetjam.paris\/wp-content\/uploads\/2022\/05\/Run1705-7256-1024x681.jpg\" alt=\"\" class=\"wp-image-372\" srcset=\"https:\/\/streetjam.paris\/wp-content\/uploads\/2022\/05\/Run1705-7256-1024x681.jpg 1024w, https:\/\/streetjam.paris\/wp-content\/uploads\/2022\/05\/Run1705-7256-300x200.jpg 300w, https:\/\/streetjam.paris\/wp-content\/uploads\/2022\/05\/Run1705-7256-768x511.jpg 768w, https:\/\/streetjam.paris\/wp-content\/uploads\/2022\/05\/Run1705-7256-900x599.jpg 900w, https:\/\/streetjam.paris\/wp-content\/uploads\/2022\/05\/Run1705-7256-600x399.jpg 600w, https:\/\/streetjam.paris\/wp-content\/uploads\/2022\/05\/Run1705-7256-400x266.jpg 400w, https:\/\/streetjam.paris\/wp-content\/uploads\/2022\/05\/Run1705-7256.jpg 1500w\" sizes=\"(max-width: 1024px) 100vw, 1024px\" \/><figcaption class=\"wp-element-caption\">Street Jam anime Run my City \u00e0 la monnaie de Paris le 15 mai 2022<\/figcaption><\/figure><\/div>\n\n\n<figure class=\"wp-block-image size-large is-resized\"><img decoding=\"async\" loading=\"lazy\" src=\"http:\/\/streetjam.paris\/wp-content\/uploads\/2021\/10\/WhatsApp-Image-2021-10-16-at-17.50.24-2.jpeg\" alt=\"\" class=\"wp-image-168\" width=\"768\" height=\"1024\" srcset=\"https:\/\/streetjam.paris\/wp-content\/uploads\/2021\/10\/WhatsApp-Image-2021-10-16-at-17.50.24-2.jpeg 768w, https:\/\/streetjam.paris\/wp-content\/uploads\/2021\/10\/WhatsApp-Image-2021-10-16-at-17.50.24-2-225x300.jpeg 225w, https:\/\/streetjam.paris\/wp-content\/uploads\/2021\/10\/WhatsApp-Image-2021-10-16-at-17.50.24-2-600x800.jpeg 600w, https:\/\/streetjam.paris\/wp-content\/uploads\/2021\/10\/WhatsApp-Image-2021-10-16-at-17.50.24-2-400x533.jpeg 400w\" sizes=\"(max-width: 768px) 100vw, 768px\" \/><figcaption class=\"wp-element-caption\">La roue de la fortune, pour le tirage au sort des morceaux \u00e0 jouer, avec des morceaux surprises et des styles \u00e0 illustrer.<\/figcaption><\/figure>\n\n\n\n<figure class=\"wp-block-image size-large\"><img decoding=\"async\" loading=\"lazy\" width=\"690\" height=\"729\" src=\"http:\/\/streetjam.paris\/wp-content\/uploads\/2022\/02\/Avis.png\" alt=\"\" class=\"wp-image-341\" srcset=\"https:\/\/streetjam.paris\/wp-content\/uploads\/2022\/02\/Avis.png 690w, https:\/\/streetjam.paris\/wp-content\/uploads\/2022\/02\/Avis-284x300.png 284w, https:\/\/streetjam.paris\/wp-content\/uploads\/2022\/02\/Avis-600x634.png 600w, https:\/\/streetjam.paris\/wp-content\/uploads\/2022\/02\/Avis-400x423.png 400w\" sizes=\"(max-width: 690px) 100vw, 690px\" \/><figcaption class=\"wp-element-caption\">Ce qu&#8217;en disent les musiciens&#8230;<\/figcaption><\/figure>\n\n\n\n<p><a href=\"https:\/\/www.facebook.com\/plugins\/video.php?height=314&amp;href=https%3A%2F%2Fwww.facebook.com%2FStreetjam.paris%2Fvideos%2F153235577007841%2F&amp;show_text=false&amp;width=560&amp;t=0\">Facebook Live de la Street Jam #15<\/a> au P&#8217;tit Zinc le samedi 2 octobre.<\/p>\n\n\n\n<div class=\"wp-block-columns alignwide is-layout-flex wp-container-4\">\n<div class=\"wp-block-column is-layout-flow\">\n<div class=\"wp-block-group is-layout-flow\"><div class=\"wp-block-group__inner-container\">\n<figure class=\"wp-block-image size-large\"><img decoding=\"async\" loading=\"lazy\" width=\"1024\" height=\"768\" src=\"http:\/\/streetjam.paris\/wp-content\/uploads\/2021\/09\/WhatsApp-Image-2021-09-05-at-20.47.231-1024x768.jpeg\" alt=\"\" class=\"wp-image-121\" srcset=\"https:\/\/streetjam.paris\/wp-content\/uploads\/2021\/09\/WhatsApp-Image-2021-09-05-at-20.47.231-1024x768.jpeg 1024w, https:\/\/streetjam.paris\/wp-content\/uploads\/2021\/09\/WhatsApp-Image-2021-09-05-at-20.47.231-300x225.jpeg 300w, https:\/\/streetjam.paris\/wp-content\/uploads\/2021\/09\/WhatsApp-Image-2021-09-05-at-20.47.231-768x576.jpeg 768w, https:\/\/streetjam.paris\/wp-content\/uploads\/2021\/09\/WhatsApp-Image-2021-09-05-at-20.47.231-1536x1152.jpeg 1536w, https:\/\/streetjam.paris\/wp-content\/uploads\/2021\/09\/WhatsApp-Image-2021-09-05-at-20.47.231-900x675.jpeg 900w, https:\/\/streetjam.paris\/wp-content\/uploads\/2021\/09\/WhatsApp-Image-2021-09-05-at-20.47.231-600x450.jpeg 600w, https:\/\/streetjam.paris\/wp-content\/uploads\/2021\/09\/WhatsApp-Image-2021-09-05-at-20.47.231-400x300.jpeg 400w, https:\/\/streetjam.paris\/wp-content\/uploads\/2021\/09\/WhatsApp-Image-2021-09-05-at-20.47.231.jpeg 1600w\" sizes=\"(max-width: 1024px) 100vw, 1024px\" \/><figcaption class=\"wp-element-caption\">Superbe session le dimanche 5 septembre, musiciens formidables et public g\u00e9nial.<\/figcaption><\/figure>\n\n\n\n<figure class=\"wp-block-image size-large\"><img decoding=\"async\" loading=\"lazy\" width=\"1024\" height=\"768\" src=\"http:\/\/streetjam.paris\/wp-content\/uploads\/2021\/09\/WhatsApp-Image-2021-09-05-at-20.46.47-1024x768.jpeg\" alt=\"\" class=\"wp-image-122\" srcset=\"https:\/\/streetjam.paris\/wp-content\/uploads\/2021\/09\/WhatsApp-Image-2021-09-05-at-20.46.47-1024x768.jpeg 1024w, https:\/\/streetjam.paris\/wp-content\/uploads\/2021\/09\/WhatsApp-Image-2021-09-05-at-20.46.47-300x225.jpeg 300w, https:\/\/streetjam.paris\/wp-content\/uploads\/2021\/09\/WhatsApp-Image-2021-09-05-at-20.46.47-768x576.jpeg 768w, https:\/\/streetjam.paris\/wp-content\/uploads\/2021\/09\/WhatsApp-Image-2021-09-05-at-20.46.47-1536x1152.jpeg 1536w, https:\/\/streetjam.paris\/wp-content\/uploads\/2021\/09\/WhatsApp-Image-2021-09-05-at-20.46.47-900x675.jpeg 900w, https:\/\/streetjam.paris\/wp-content\/uploads\/2021\/09\/WhatsApp-Image-2021-09-05-at-20.46.47-600x450.jpeg 600w, https:\/\/streetjam.paris\/wp-content\/uploads\/2021\/09\/WhatsApp-Image-2021-09-05-at-20.46.47-400x300.jpeg 400w, https:\/\/streetjam.paris\/wp-content\/uploads\/2021\/09\/WhatsApp-Image-2021-09-05-at-20.46.47.jpeg 1600w\" sizes=\"(max-width: 1024px) 100vw, 1024px\" \/><figcaption class=\"wp-element-caption\">Superbe session le dimanche 5 septembre, musiciens formidables et public g\u00e9nial.<\/figcaption><\/figure>\n<\/div><\/div>\n<\/div>\n<\/div>\n\n\n\n<figure class=\"wp-block-image alignfull size-large\"><img decoding=\"async\" loading=\"lazy\" width=\"2016\" height=\"1343\" src=\"http:\/\/streetjam.paris\/wp-content\/uploads\/2021\/08\/bullit_vide-edited.jpg\" alt=\"\" class=\"wp-image-71\" srcset=\"https:\/\/streetjam.paris\/wp-content\/uploads\/2021\/08\/bullit_vide-edited.jpg 2016w, https:\/\/streetjam.paris\/wp-content\/uploads\/2021\/08\/bullit_vide-edited-300x200.jpg 300w, https:\/\/streetjam.paris\/wp-content\/uploads\/2021\/08\/bullit_vide-edited-1024x682.jpg 1024w, https:\/\/streetjam.paris\/wp-content\/uploads\/2021\/08\/bullit_vide-edited-768x512.jpg 768w, https:\/\/streetjam.paris\/wp-content\/uploads\/2021\/08\/bullit_vide-edited-1536x1023.jpg 1536w, https:\/\/streetjam.paris\/wp-content\/uploads\/2021\/08\/bullit_vide-edited-1200x799.jpg 1200w, https:\/\/streetjam.paris\/wp-content\/uploads\/2021\/08\/bullit_vide-edited-1980x1319.jpg 1980w\" sizes=\"(max-width: 2016px) 100vw, 2016px\" \/><\/figure>\n\n\n\n<div class=\"wp-block-group alignwide is-layout-flow\"><div class=\"wp-block-group__inner-container\">\n<h2 class=\"wp-block-heading has-text-align-center has-accent-color has-text-color\">\u00ab&nbsp;La premi\u00e8re et la seule Jam Session qui d\u00e9place la sono en v\u00e9lo cargo pour mettre tout \u00e0 dispo.&nbsp;\u00bb<\/h2>\n<\/div><\/div>\n\n\n\n<p class=\"has-drop-cap\">Tout tient sur un v\u00e9lo cargo et c&#8217;est \u00e0 dispo : une batterie acoustique, un piano \u00e9lectrique 83 touches, une basse, une guitare, deux enceintes de 120 Watts, deux micros, des effets, un saxophone t\u00e9nor&#8230; Et une \u00e0 deux fois par semaine, nous posons la sc\u00e8ne quelque part dans Paris, en after work ou en fin d&#8217;apr\u00e8s-midi le week-end, en fonction de la m\u00e9t\u00e9o. Vous \u00eates tous les bienvenus.<\/p>\n\n\n\n<p><\/p>\n\n\n\n<p><\/p>\n","protected":false},"excerpt":{"rendered":"<p>Et si vous veniez jouer avec nous ? Suivez-nous sur facebook et instagram : @streetjam.paris Facebook Live de la Street Jam #15 au P&#8217;tit Zinc le samedi 2 octobre. \u00ab&nbsp;La&#8230;<\/p>\n","protected":false},"author":1,"featured_media":0,"parent":0,"menu_order":0,"comment_status":"closed","ping_status":"closed","template":"","meta":[],"_links":{"self":[{"href":"https:\/\/streetjam.paris\/index.php\/wp-json\/wp\/v2\/pages\/20"}],"collection":[{"href":"https:\/\/streetjam.paris\/index.php\/wp-json\/wp\/v2\/pages"}],"about":[{"href":"https:\/\/streetjam.paris\/index.php\/wp-json\/wp\/v2\/types\/page"}],"author":[{"embeddable":true,"href":"https:\/\/streetjam.paris\/index.php\/wp-json\/wp\/v2\/users\/1"}],"replies":[{"embeddable":true,"href":"https:\/\/streetjam.paris\/index.php\/wp-json\/wp\/v2\/comments?post=20"}],"version-history":[{"count":129,"href":"https:\/\/streetjam.paris\/index.php\/wp-json\/wp\/v2\/pages\/20\/revisions"}],"predecessor-version":[{"id":565,"href":"https:\/\/streetjam.paris\/index.php\/wp-json\/wp\/v2\/pages\/20\/revisions\/565"}],"wp:attachment":[{"href":"https:\/\/streetjam.paris\/index.php\/wp-json\/wp\/v2\/media?parent=20"}],"curies":[{"name":"wp","href":"https:\/\/api.w.org\/{rel}","templated":true}]}}